{"id":66,"date":"2018-08-26T17:21:33","date_gmt":"2018-08-26T17:21:33","guid":{"rendered":"https:\/\/kartlfreunde.weiterndorf.info\/?page_id=66"},"modified":"2019-01-20T19:23:03","modified_gmt":"2019-01-20T19:23:03","slug":"ausflug-nach-muenchen","status":"publish","type":"page","link":"https:\/\/kartlfreunde.weiterndorf.info\/index.php\/ausflug-nach-muenchen\/","title":{"rendered":"Ausflug nach M\u00fcnchen"},"content":{"rendered":"\r\n<h4 class=\"wp-block-heading\">5. Ausflug der Kartlfreunde am 08.07.2017 nach M\u00fcnchen<\/h4>\r\n\r\n\r\n\r\n<p>Dieses Jahr machten sich 12 Mitglieder der Kartlfreunde auf den Weg nach M\u00fcnchen.<img loading=\"lazy\" decoding=\"async\" class=\"size-full wp-image-222 aligncenter\" src=\"https:\/\/kartlfreunde.weiterndorf.info\/wp-content\/uploads\/2019\/01\/m001.jpg\" alt=\"\" width=\"540\" height=\"800\" srcset=\"https:\/\/kartlfreunde.weiterndorf.info\/wp-content\/uploads\/2019\/01\/m001.jpg 540w, https:\/\/kartlfreunde.weiterndorf.info\/wp-content\/uploads\/2019\/01\/m001-203x300.jpg 203w\" sizes=\"auto, (max-width: 540px) 100vw, 540px\" \/><\/p>\r\n<p>Erster Punkt war Wei\u00dfwurstfr\u00fchst\u00fcck im Restaurant oben im Isartor im Valentin- und Karlstadtmuseum.<\/p>\r\n<p><img loading=\"lazy\" decoding=\"async\" class=\"alignnone size-full wp-image-223\" src=\"https:\/\/kartlfreunde.weiterndorf.info\/wp-content\/uploads\/2019\/01\/m002.jpg\" alt=\"\" width=\"800\" height=\"533\" srcset=\"https:\/\/kartlfreunde.weiterndorf.info\/wp-content\/uploads\/2019\/01\/m002.jpg 800w, https:\/\/kartlfreunde.weiterndorf.info\/wp-content\/uploads\/2019\/01\/m002-300x200.jpg 300w, https:\/\/kartlfreunde.weiterndorf.info\/wp-content\/uploads\/2019\/01\/m002-768x512.jpg 768w\" sizes=\"auto, (max-width: 800px) 100vw, 800px\" \/> <img loading=\"lazy\" decoding=\"async\" class=\"alignnone size-full wp-image-224\" src=\"https:\/\/kartlfreunde.weiterndorf.info\/wp-content\/uploads\/2019\/01\/m003.jpg\" alt=\"\" width=\"577\" height=\"800\" srcset=\"https:\/\/kartlfreunde.weiterndorf.info\/wp-content\/uploads\/2019\/01\/m003.jpg 577w, https:\/\/kartlfreunde.weiterndorf.info\/wp-content\/uploads\/2019\/01\/m003-216x300.jpg 216w\" sizes=\"auto, (max-width: 577px) 100vw, 577px\" \/> <img loading=\"lazy\" decoding=\"async\" class=\"alignnone size-full wp-image-225\" src=\"https:\/\/kartlfreunde.weiterndorf.info\/wp-content\/uploads\/2019\/01\/m004.jpg\" alt=\"\" width=\"516\" height=\"800\" srcset=\"https:\/\/kartlfreunde.weiterndorf.info\/wp-content\/uploads\/2019\/01\/m004.jpg 516w, https:\/\/kartlfreunde.weiterndorf.info\/wp-content\/uploads\/2019\/01\/m004-194x300.jpg 194w\" sizes=\"auto, (max-width: 516px) 100vw, 516px\" \/> <img loading=\"lazy\" decoding=\"async\" class=\"alignnone size-full wp-image-226\" src=\"https:\/\/kartlfreunde.weiterndorf.info\/wp-content\/uploads\/2019\/01\/m005.jpg\" alt=\"\" width=\"800\" height=\"720\" srcset=\"https:\/\/kartlfreunde.weiterndorf.info\/wp-content\/uploads\/2019\/01\/m005.jpg 800w, https:\/\/kartlfreunde.weiterndorf.info\/wp-content\/uploads\/2019\/01\/m005-300x270.jpg 300w, https:\/\/kartlfreunde.weiterndorf.info\/wp-content\/uploads\/2019\/01\/m005-768x691.jpg 768w\" sizes=\"auto, (max-width: 800px) 100vw, 800px\" \/><\/p>\r\n<p>Danach durch die Stra\u00dfe &#8222;Im Tal&#8220; zum Viktualienmarkt.<\/p>\r\n<p><img loading=\"lazy\" decoding=\"async\" class=\"alignnone size-full wp-image-227\" src=\"https:\/\/kartlfreunde.weiterndorf.info\/wp-content\/uploads\/2019\/01\/m006.jpg\" alt=\"\" width=\"533\" height=\"800\" srcset=\"https:\/\/kartlfreunde.weiterndorf.info\/wp-content\/uploads\/2019\/01\/m006.jpg 533w, https:\/\/kartlfreunde.weiterndorf.info\/wp-content\/uploads\/2019\/01\/m006-200x300.jpg 200w\" sizes=\"auto, (max-width: 533px) 100vw, 533px\" \/> <img loading=\"lazy\" decoding=\"async\" class=\"alignnone size-full wp-image-228\" src=\"https:\/\/kartlfreunde.weiterndorf.info\/wp-content\/uploads\/2019\/01\/m007.jpg\" alt=\"\" width=\"763\" height=\"800\" srcset=\"https:\/\/kartlfreunde.weiterndorf.info\/wp-content\/uploads\/2019\/01\/m007.jpg 763w, https:\/\/kartlfreunde.weiterndorf.info\/wp-content\/uploads\/2019\/01\/m007-286x300.jpg 286w\" sizes=\"auto, (max-width: 763px) 100vw, 763px\" \/><\/p>\r\n<p>Bei dem Wetter l\u00e4sst es sich im Biergarten im Viktualienmarkt gut aushalten.<\/p>\r\n<p><img loading=\"lazy\" decoding=\"async\" class=\"alignnone size-full wp-image-229\" src=\"https:\/\/kartlfreunde.weiterndorf.info\/wp-content\/uploads\/2019\/01\/m008.jpg\" alt=\"\" width=\"800\" height=\"533\" srcset=\"https:\/\/kartlfreunde.weiterndorf.info\/wp-content\/uploads\/2019\/01\/m008.jpg 800w, https:\/\/kartlfreunde.weiterndorf.info\/wp-content\/uploads\/2019\/01\/m008-300x200.jpg 300w, https:\/\/kartlfreunde.weiterndorf.info\/wp-content\/uploads\/2019\/01\/m008-768x512.jpg 768w\" sizes=\"auto, (max-width: 800px) 100vw, 800px\" \/> <img loading=\"lazy\" decoding=\"async\" class=\"alignnone size-full wp-image-230\" src=\"https:\/\/kartlfreunde.weiterndorf.info\/wp-content\/uploads\/2019\/01\/m009.jpg\" alt=\"\" width=\"800\" height=\"533\" srcset=\"https:\/\/kartlfreunde.weiterndorf.info\/wp-content\/uploads\/2019\/01\/m009.jpg 800w, https:\/\/kartlfreunde.weiterndorf.info\/wp-content\/uploads\/2019\/01\/m009-300x200.jpg 300w, https:\/\/kartlfreunde.weiterndorf.info\/wp-content\/uploads\/2019\/01\/m009-768x512.jpg 768w\" sizes=\"auto, (max-width: 800px) 100vw, 800px\" \/> <img loading=\"lazy\" decoding=\"async\" class=\"alignnone size-full wp-image-231\" src=\"https:\/\/kartlfreunde.weiterndorf.info\/wp-content\/uploads\/2019\/01\/m010.jpg\" alt=\"\" width=\"800\" height=\"476\" srcset=\"https:\/\/kartlfreunde.weiterndorf.info\/wp-content\/uploads\/2019\/01\/m010.jpg 800w, https:\/\/kartlfreunde.weiterndorf.info\/wp-content\/uploads\/2019\/01\/m010-300x179.jpg 300w, https:\/\/kartlfreunde.weiterndorf.info\/wp-content\/uploads\/2019\/01\/m010-768x457.jpg 768w\" sizes=\"auto, (max-width: 800px) 100vw, 800px\" \/><\/p>\r\n<p>Danach treffen wir unseren Stadtf\u00fchrer f\u00fcr die Tour &#8222;M\u00fcnchen per Tram&#8220;<\/p>\r\n<p><img loading=\"lazy\" decoding=\"async\" class=\"alignnone size-full wp-image-232\" src=\"https:\/\/kartlfreunde.weiterndorf.info\/wp-content\/uploads\/2019\/01\/m011.jpg\" alt=\"\" width=\"646\" height=\"800\" srcset=\"https:\/\/kartlfreunde.weiterndorf.info\/wp-content\/uploads\/2019\/01\/m011.jpg 646w, https:\/\/kartlfreunde.weiterndorf.info\/wp-content\/uploads\/2019\/01\/m011-242x300.jpg 242w\" sizes=\"auto, (max-width: 646px) 100vw, 646px\" \/> <img loading=\"lazy\" decoding=\"async\" class=\"alignnone size-full wp-image-233\" src=\"https:\/\/kartlfreunde.weiterndorf.info\/wp-content\/uploads\/2019\/01\/m012.jpg\" alt=\"\" width=\"627\" height=\"800\" srcset=\"https:\/\/kartlfreunde.weiterndorf.info\/wp-content\/uploads\/2019\/01\/m012.jpg 627w, https:\/\/kartlfreunde.weiterndorf.info\/wp-content\/uploads\/2019\/01\/m012-235x300.jpg 235w\" sizes=\"auto, (max-width: 627px) 100vw, 627px\" \/> <img loading=\"lazy\" decoding=\"async\" class=\"alignnone size-full wp-image-234\" src=\"https:\/\/kartlfreunde.weiterndorf.info\/wp-content\/uploads\/2019\/01\/m013.jpg\" alt=\"\" width=\"800\" height=\"539\" srcset=\"https:\/\/kartlfreunde.weiterndorf.info\/wp-content\/uploads\/2019\/01\/m013.jpg 800w, https:\/\/kartlfreunde.weiterndorf.info\/wp-content\/uploads\/2019\/01\/m013-300x202.jpg 300w, https:\/\/kartlfreunde.weiterndorf.info\/wp-content\/uploads\/2019\/01\/m013-768x517.jpg 768w\" sizes=\"auto, (max-width: 800px) 100vw, 800px\" \/> <img loading=\"lazy\" decoding=\"async\" class=\"alignnone size-full wp-image-235\" src=\"https:\/\/kartlfreunde.weiterndorf.info\/wp-content\/uploads\/2019\/01\/m014.jpg\" alt=\"\" width=\"800\" height=\"591\" srcset=\"https:\/\/kartlfreunde.weiterndorf.info\/wp-content\/uploads\/2019\/01\/m014.jpg 800w, https:\/\/kartlfreunde.weiterndorf.info\/wp-content\/uploads\/2019\/01\/m014-300x222.jpg 300w, https:\/\/kartlfreunde.weiterndorf.info\/wp-content\/uploads\/2019\/01\/m014-768x567.jpg 768w\" sizes=\"auto, (max-width: 800px) 100vw, 800px\" \/> <img loading=\"lazy\" decoding=\"async\" class=\"alignnone size-full wp-image-236\" src=\"https:\/\/kartlfreunde.weiterndorf.info\/wp-content\/uploads\/2019\/01\/m015.jpg\" alt=\"\" width=\"800\" height=\"553\" srcset=\"https:\/\/kartlfreunde.weiterndorf.info\/wp-content\/uploads\/2019\/01\/m015.jpg 800w, https:\/\/kartlfreunde.weiterndorf.info\/wp-content\/uploads\/2019\/01\/m015-300x207.jpg 300w, https:\/\/kartlfreunde.weiterndorf.info\/wp-content\/uploads\/2019\/01\/m015-768x531.jpg 768w\" sizes=\"auto, (max-width: 800px) 100vw, 800px\" \/> <img loading=\"lazy\" decoding=\"async\" class=\"alignnone size-full wp-image-237\" src=\"https:\/\/kartlfreunde.weiterndorf.info\/wp-content\/uploads\/2019\/01\/m016.jpg\" alt=\"\" width=\"800\" height=\"576\" srcset=\"https:\/\/kartlfreunde.weiterndorf.info\/wp-content\/uploads\/2019\/01\/m016.jpg 800w, https:\/\/kartlfreunde.weiterndorf.info\/wp-content\/uploads\/2019\/01\/m016-300x216.jpg 300w, https:\/\/kartlfreunde.weiterndorf.info\/wp-content\/uploads\/2019\/01\/m016-768x553.jpg 768w\" sizes=\"auto, (max-width: 800px) 100vw, 800px\" \/> <img loading=\"lazy\" decoding=\"async\" class=\"alignnone size-full wp-image-238\" src=\"https:\/\/kartlfreunde.weiterndorf.info\/wp-content\/uploads\/2019\/01\/m017.jpg\" alt=\"\" width=\"533\" height=\"800\" srcset=\"https:\/\/kartlfreunde.weiterndorf.info\/wp-content\/uploads\/2019\/01\/m017.jpg 533w, https:\/\/kartlfreunde.weiterndorf.info\/wp-content\/uploads\/2019\/01\/m017-200x300.jpg 200w\" sizes=\"auto, (max-width: 533px) 100vw, 533px\" \/><\/p>\r\n<p>Abendessen dann im Hofbr\u00e4ukeller.Ich m\u00f6chte mich bei Rainer Ebert f\u00fcr die Fotos bedanken.<\/p>\r\n<p><img loading=\"lazy\" decoding=\"async\" class=\"alignnone size-full wp-image-239\" src=\"https:\/\/kartlfreunde.weiterndorf.info\/wp-content\/uploads\/2019\/01\/m018.jpg\" alt=\"\" width=\"800\" height=\"533\" srcset=\"https:\/\/kartlfreunde.weiterndorf.info\/wp-content\/uploads\/2019\/01\/m018.jpg 800w, https:\/\/kartlfreunde.weiterndorf.info\/wp-content\/uploads\/2019\/01\/m018-300x200.jpg 300w, https:\/\/kartlfreunde.weiterndorf.info\/wp-content\/uploads\/2019\/01\/m018-768x512.jpg 768w\" sizes=\"auto, (max-width: 800px) 100vw, 800px\" \/><\/p>\r\n\r\n\r\n ","protected":false},"excerpt":{"rendered":"<p>5. Ausflug der Kartlfreunde am 08.07.2017 nach M\u00fcnchen Dieses Jahr machten sich 12 Mitglieder der Kartlfreunde auf den Weg nach M\u00fcnchen. Erster Punkt war Wei\u00dfwurstfr\u00fchst\u00fcck im Restaurant oben im Isartor &hellip; <a href=\"https:\/\/kartlfreunde.weiterndorf.info\/index.php\/ausflug-nach-muenchen\/\" class=\"more-link\"><span class=\"screen-reader-text\">Ausflug nach M\u00fcnchen<\/span> weiterlesen<\/a><\/p>\n","protected":false},"author":1,"featured_media":0,"parent":0,"menu_order":0,"comment_status":"closed","ping_status":"closed","template":"","meta":{"footnotes":""},"class_list":["post-66","page","type-page","status-publish","hentry"],"_links":{"self":[{"href":"https:\/\/kartlfreunde.weiterndorf.info\/index.php\/wp-json\/wp\/v2\/pages\/66","targetHints":{"allow":["GET"]}}],"collection":[{"href":"https:\/\/kartlfreunde.weiterndorf.info\/index.php\/wp-json\/wp\/v2\/pages"}],"about":[{"href":"https:\/\/kartlfreunde.weiterndorf.info\/index.php\/wp-json\/wp\/v2\/types\/page"}],"author":[{"embeddable":true,"href":"https:\/\/kartlfreunde.weiterndorf.info\/index.php\/wp-json\/wp\/v2\/users\/1"}],"replies":[{"embeddable":true,"href":"https:\/\/kartlfreunde.weiterndorf.info\/index.php\/wp-json\/wp\/v2\/comments?post=66"}],"version-history":[{"count":3,"href":"https:\/\/kartlfreunde.weiterndorf.info\/index.php\/wp-json\/wp\/v2\/pages\/66\/revisions"}],"predecessor-version":[{"id":240,"href":"https:\/\/kartlfreunde.weiterndorf.info\/index.php\/wp-json\/wp\/v2\/pages\/66\/revisions\/240"}],"wp:attachment":[{"href":"https:\/\/kartlfreunde.weiterndorf.info\/index.php\/wp-json\/wp\/v2\/media?parent=66"}],"curies":[{"name":"wp","href":"https:\/\/api.w.org\/{rel}","templated":true}]}}