{"id":70,"date":"2018-08-26T17:30:24","date_gmt":"2018-08-26T17:30:24","guid":{"rendered":"https:\/\/kartlfreunde.weiterndorf.info\/?page_id=70"},"modified":"2018-08-26T17:30:41","modified_gmt":"2018-08-26T17:30:41","slug":"ausflug-nach-augsburg","status":"publish","type":"page","link":"https:\/\/kartlfreunde.weiterndorf.info\/index.php\/ausflug-nach-augsburg\/","title":{"rendered":"Ausflug nach Augsburg"},"content":{"rendered":"\n<p>Ein Gruppenbild unseres Ausflugs am 4.7.2015 nach Augsburg. Lustig war es, heiss war es, informativ war es auch.<\/p>\n\n\n\n<figure class=\"wp-block-image\"><img loading=\"lazy\" decoding=\"async\" width=\"1200\" height=\"741\" src=\"https:\/\/kartlfreunde.weiterndorf.info\/wp-content\/uploads\/2018\/08\/augsburg2015.jpg\" alt=\"\" class=\"wp-image-71\" srcset=\"https:\/\/kartlfreunde.weiterndorf.info\/wp-content\/uploads\/2018\/08\/augsburg2015.jpg 1200w, https:\/\/kartlfreunde.weiterndorf.info\/wp-content\/uploads\/2018\/08\/augsburg2015-300x185.jpg 300w, https:\/\/kartlfreunde.weiterndorf.info\/wp-content\/uploads\/2018\/08\/augsburg2015-768x474.jpg 768w, https:\/\/kartlfreunde.weiterndorf.info\/wp-content\/uploads\/2018\/08\/augsburg2015-1024x632.jpg 1024w, https:\/\/kartlfreunde.weiterndorf.info\/wp-content\/uploads\/2018\/08\/augsburg2015-825x510.jpg 825w\" sizes=\"auto, (max-width: 1200px) 100vw, 1200px\" \/><\/figure>\n\n\n\n<p>Mit dem Zug \u00fcber Ansbach und Treuchtlingen in die Fuggerstadt. Legend\u00e4r mein Telefonat mit Lothar, aber es ist ja alles gut gegangen. Am hei\u00dfesten Tag des Jahres, Mittagessen direkt am Marktplatz, dann Stadtf\u00fchrung. Die F\u00fchrerin verstand es prima ihre Erkl\u00e4rungen entweder im Schatten oder an einer windigen Stelle zu machen. Vom Rathaussaal bis zu Fuggerei, dann noch Rast im Biergarten der Fuggerei. Vor dem Heimweg noch im Brauhaus Riegele die hervorragenden Biere probiert. Eine Feststellung: kein Ausflug mehr ohne Stadtf\u00fchrung!<\/p>\n ","protected":false},"excerpt":{"rendered":"<p>Ein Gruppenbild unseres Ausflugs am 4.7.2015 nach Augsburg. Lustig war es, heiss war es, informativ war es auch. Mit dem Zug \u00fcber Ansbach und Treuchtlingen in die Fuggerstadt. Legend\u00e4r mein &hellip; <a href=\"https:\/\/kartlfreunde.weiterndorf.info\/index.php\/ausflug-nach-augsburg\/\" class=\"more-link\"><span class=\"screen-reader-text\">Ausflug nach Augsburg<\/span> weiterlesen<\/a><\/p>\n","protected":false},"author":1,"featured_media":0,"parent":0,"menu_order":0,"comment_status":"closed","ping_status":"closed","template":"","meta":{"footnotes":""},"class_list":["post-70","page","type-page","status-publish","hentry"],"_links":{"self":[{"href":"https:\/\/kartlfreunde.weiterndorf.info\/index.php\/wp-json\/wp\/v2\/pages\/70","targetHints":{"allow":["GET"]}}],"collection":[{"href":"https:\/\/kartlfreunde.weiterndorf.info\/index.php\/wp-json\/wp\/v2\/pages"}],"about":[{"href":"https:\/\/kartlfreunde.weiterndorf.info\/index.php\/wp-json\/wp\/v2\/types\/page"}],"author":[{"embeddable":true,"href":"https:\/\/kartlfreunde.weiterndorf.info\/index.php\/wp-json\/wp\/v2\/users\/1"}],"replies":[{"embeddable":true,"href":"https:\/\/kartlfreunde.weiterndorf.info\/index.php\/wp-json\/wp\/v2\/comments?post=70"}],"version-history":[{"count":2,"href":"https:\/\/kartlfreunde.weiterndorf.info\/index.php\/wp-json\/wp\/v2\/pages\/70\/revisions"}],"predecessor-version":[{"id":73,"href":"https:\/\/kartlfreunde.weiterndorf.info\/index.php\/wp-json\/wp\/v2\/pages\/70\/revisions\/73"}],"wp:attachment":[{"href":"https:\/\/kartlfreunde.weiterndorf.info\/index.php\/wp-json\/wp\/v2\/media?parent=70"}],"curies":[{"name":"wp","href":"https:\/\/api.w.org\/{rel}","templated":true}]}}